{"id":70709,"date":"2021-05-19T15:11:41","date_gmt":"2021-05-19T19:11:41","guid":{"rendered":"https:\/\/www.skylinegroupofcompanies.ca\/our-team\/fay-yachetti\/"},"modified":"2025-09-25T13:34:39","modified_gmt":"2025-09-25T17:34:39","slug":"fay-yachetti","status":"publish","type":"our-team","link":"https:\/\/www.skylinegroupofcompanies.ca\/fr\/our-team\/fay-yachetti\/","title":{"rendered":"Fay Yachetti"},"content":{"rendered":"<p>Fay est responsable de la mise en \u0153uvre strat\u00e9gique de projets sp\u00e9ciaux visant \u00e0 am\u00e9liorer les syst\u00e8mes op\u00e9rationnels et les flux de travaux de Skyline tout en dirigeant l\u2019\u00e9quipe de d\u00e9veloppement durable. Dans le cadre de cette double fonction, elle stimule la croissance strat\u00e9gique de l\u2019entreprise en trouvant et en r\u00e9duisant les sources d\u2019inefficacit\u00e9 dans les activit\u00e9s r\u00e9sidentielles et les fonctions commerciales \u00e9largies de Skyline. Elle facilite \u00e9galement la collaboration interfonctionnelle gr\u00e2ce \u00e0 des initiatives touchant plusieurs unit\u00e9s d\u2019exploitation.<\/p>\n<p>Fay dirige toutes les facettes des initiatives de d\u00e9veloppement durable \u00e0 Skyline (strat\u00e9gie, ex\u00e9cution, suivi et reddition de comptes), y compris la r\u00e9daction du <a href=\"https:\/\/www.skylinegroupofcompanies.ca\/fr\/sustainability\/\">rapport annuel sur le d\u00e9veloppement durable<\/a>. Elle veille \u00e0 ce que des pratiques commerciales responsables fassent partie du processus d\u00e9cisionnel courant. Son travail contribue \u00e0 renforcer l\u2019apport de Skyline \u00e0 la communaut\u00e9, \u00e0 maintenir sa position de chef de file dans le secteur et \u00e0 g\u00e9n\u00e9rer de la valeur \u00e0 long terme pour ses investisseurs.<\/p>\n<p>Fay est arriv\u00e9e \u00e0 Skyline en 2014 en tant que stagiaire en ressources humaines et a progressivement gravi les \u00e9chelons au sein de la soci\u00e9t\u00e9, occupant ensuite les postes de superviseure et de directrice des ressources humaines, o\u00f9 elle a con\u00e7u conjointement la Formation de d\u00e9veloppement du leadership de Skyline, qu\u2019elle continue de coanimer. En 2020, elle a b\u00e2ti le service de d\u00e9veloppement durable \u00e0 titre de gestionnaire principale. Elle est ensuite devenue directrice, D\u00e9veloppement durable en 2023, puis directrice, Optimisation et D\u00e9veloppement durable en 2025.<\/p>\n<p>Fay a obtenu un MBA (ma\u00eetrise en administration des affaires) pour cadres de l\u2019Universit\u00e9 Queen\u2019s. Elle est laur\u00e9ate du concours <a href=\"https:\/\/www.connectcre.ca\/\" target=\"_blank\" rel=\"noopener\">Connect Canada CRE<\/a> Next Generation Award et a \u00e9t\u00e9 nomm\u00e9e Jeune professionnelle de l\u2019ann\u00e9e\u00a02024 par <a href=\"https:\/\/www.guelphchamber.com\/\" target=\"_blank\" rel=\"noopener\">la Chambre de commerce de Guelph<\/a>. Elle si\u00e8ge \u00e9galement au conseil d\u2019administration de Victoria Park Community Homes, ce qui traduit bien sa conviction que le b\u00e9n\u00e9volat et l\u2019engagement communautaire sont des moteurs de changements concrets et durables.<\/p>\n","protected":false},"excerpt":{"rendered":"<p>Fay est responsable de la mise en \u0153uvre strat\u00e9gique de projets sp\u00e9ciaux visant \u00e0 am\u00e9liorer les syst\u00e8mes op\u00e9rationnels et les flux de travaux de Skyline tout en dirigeant l\u2019\u00e9quipe de d\u00e9veloppement durable. Dans le cadre de cette double fonction, elle stimule la croissance strat\u00e9gique de l\u2019entreprise en trouvant et en r\u00e9duisant les sources d\u2019inefficacit\u00e9 dans [&hellip;]<\/p>\n","protected":false},"featured_media":0,"template":"","meta":{"_acf_changed":false,"_links_to":"","_links_to_target":""},"class_list":["post-70709","our-team","type-our-team","status-publish","hentry"],"acf":[],"yoast_head":"<!-- This site is optimized with the Yoast SEO plugin v27.4 - https:\/\/yoast.com\/product\/yoast-seo-wordpress\/ -->\n<title>Fay Yachetti | Skyline<\/title>\n<meta name=\"description\" content=\"Fay optimise les activit\u00e9s et promeut le d\u00e9veloppement durable \u00e0 Skyline, r\u00e9duit les inefficacit\u00e9s et g\u00e9n\u00e8re de la valeur \u00e0 long terme pour les investisseurs.\" \/>\n<meta name=\"robots\" content=\"index, follow, max-snippet:-1, max-image-preview:large, max-video-preview:-1\" \/>\n<link rel=\"canonical\" href=\"https:\/\/www.skylinegroupofcompanies.ca\/fr\/our-team\/fay-yachetti\/\" \/>\n<meta property=\"og:locale\" content=\"fr_FR\" \/>\n<meta property=\"og:type\" content=\"article\" \/>\n<meta property=\"og:title\" content=\"Fay Yachetti | Skyline\" \/>\n<meta property=\"og:description\" content=\"Fay optimise les activit\u00e9s et promeut le d\u00e9veloppement durable \u00e0 Skyline, r\u00e9duit les inefficacit\u00e9s et g\u00e9n\u00e8re de la valeur \u00e0 long terme pour les investisseurs.\" \/>\n<meta property=\"og:url\" content=\"https:\/\/www.skylinegroupofcompanies.ca\/fr\/our-team\/fay-yachetti\/\" \/>\n<meta property=\"og:site_name\" content=\"Skyline\" \/>\n<meta property=\"article:modified_time\" content=\"2025-09-25T17:34:39+00:00\" \/>\n<meta name=\"twitter:card\" content=\"summary_large_image\" \/>\n<meta name=\"twitter:label1\" content=\"Dur\u00e9e de lecture estim\u00e9e\" \/>\n\t<meta name=\"twitter:data1\" content=\"2 minutes\" \/>\n<!-- \/ Yoast SEO plugin. -->","yoast_head_json":{"title":"Fay Yachetti | Skyline","description":"Fay optimise les activit\u00e9s et promeut le d\u00e9veloppement durable \u00e0 Skyline, r\u00e9duit les inefficacit\u00e9s et g\u00e9n\u00e8re de la valeur \u00e0 long terme pour les investisseurs.","robots":{"index":"index","follow":"follow","max-snippet":"max-snippet:-1","max-image-preview":"max-image-preview:large","max-video-preview":"max-video-preview:-1"},"canonical":"https:\/\/www.skylinegroupofcompanies.ca\/fr\/our-team\/fay-yachetti\/","og_locale":"fr_FR","og_type":"article","og_title":"Fay Yachetti | Skyline","og_description":"Fay optimise les activit\u00e9s et promeut le d\u00e9veloppement durable \u00e0 Skyline, r\u00e9duit les inefficacit\u00e9s et g\u00e9n\u00e8re de la valeur \u00e0 long terme pour les investisseurs.","og_url":"https:\/\/www.skylinegroupofcompanies.ca\/fr\/our-team\/fay-yachetti\/","og_site_name":"Skyline","article_modified_time":"2025-09-25T17:34:39+00:00","twitter_card":"summary_large_image","twitter_misc":{"Dur\u00e9e de lecture estim\u00e9e":"2 minutes"},"schema":{"@context":"https:\/\/schema.org","@graph":[{"@type":"WebPage","@id":"https:\/\/www.skylinegroupofcompanies.ca\/fr\/our-team\/fay-yachetti\/","url":"https:\/\/www.skylinegroupofcompanies.ca\/fr\/our-team\/fay-yachetti\/","name":"Fay Yachetti | Skyline","isPartOf":{"@id":"https:\/\/www.skylinegroupofcompanies.ca\/#website"},"datePublished":"2021-05-19T19:11:41+00:00","dateModified":"2025-09-25T17:34:39+00:00","description":"Fay optimise les activit\u00e9s et promeut le d\u00e9veloppement durable \u00e0 Skyline, r\u00e9duit les inefficacit\u00e9s et g\u00e9n\u00e8re de la valeur \u00e0 long terme pour les investisseurs.","breadcrumb":{"@id":"https:\/\/www.skylinegroupofcompanies.ca\/fr\/our-team\/fay-yachetti\/#breadcrumb"},"inLanguage":"fr-FR","potentialAction":[{"@type":"ReadAction","target":["https:\/\/www.skylinegroupofcompanies.ca\/fr\/our-team\/fay-yachetti\/"]}]},{"@type":"BreadcrumbList","@id":"https:\/\/www.skylinegroupofcompanies.ca\/fr\/our-team\/fay-yachetti\/#breadcrumb","itemListElement":[{"@type":"ListItem","position":1,"name":"Home","item":"https:\/\/www.skylinegroupofcompanies.ca\/fr\/"},{"@type":"ListItem","position":2,"name":"Fay Yachetti"}]},{"@type":"WebSite","@id":"https:\/\/www.skylinegroupofcompanies.ca\/#website","url":"https:\/\/www.skylinegroupofcompanies.ca\/","name":"Skyline","description":"We offer services in real estate and clean energy","publisher":{"@id":"https:\/\/www.skylinegroupofcompanies.ca\/#organization"},"alternateName":"Skyline GOC","potentialAction":[{"@type":"SearchAction","target":{"@type":"EntryPoint","urlTemplate":"https:\/\/www.skylinegroupofcompanies.ca\/?s={search_term_string}"},"query-input":{"@type":"PropertyValueSpecification","valueRequired":true,"valueName":"search_term_string"}}],"inLanguage":"fr-FR"},{"@type":"Organization","@id":"https:\/\/www.skylinegroupofcompanies.ca\/#organization","name":"Skyline Group of Companies","url":"https:\/\/www.skylinegroupofcompanies.ca\/","logo":{"@type":"ImageObject","inLanguage":"fr-FR","@id":"https:\/\/www.skylinegroupofcompanies.ca\/#\/schema\/logo\/image\/","url":"https:\/\/www.skylinegroupofcompanies.ca\/wp-content\/uploads\/2020\/09\/logo-blue.svg","contentUrl":"https:\/\/www.skylinegroupofcompanies.ca\/wp-content\/uploads\/2020\/09\/logo-blue.svg","width":1,"height":1,"caption":"Skyline Group of Companies"},"image":{"@id":"https:\/\/www.skylinegroupofcompanies.ca\/#\/schema\/logo\/image\/"}}]}},"_links":{"self":[{"href":"https:\/\/www.skylinegroupofcompanies.ca\/fr\/wp-json\/wp\/v2\/our-team\/70709","targetHints":{"allow":["GET"]}}],"collection":[{"href":"https:\/\/www.skylinegroupofcompanies.ca\/fr\/wp-json\/wp\/v2\/our-team"}],"about":[{"href":"https:\/\/www.skylinegroupofcompanies.ca\/fr\/wp-json\/wp\/v2\/types\/our-team"}],"wp:attachment":[{"href":"https:\/\/www.skylinegroupofcompanies.ca\/fr\/wp-json\/wp\/v2\/media?parent=70709"}],"curies":[{"name":"wp","href":"https:\/\/api.w.org\/{rel}","templated":true}]}}

<p>Fay est responsable de la mise en œuvre stratégique de projets spéciaux visant à améliorer les systèmes opérationnels et les flux de travaux de Skyline tout en dirigeant l’équipe de développement durable. Dans le cadre de cette double fonction, elle stimule la croissance stratégique de l’entreprise en trouvant et en réduisant les sources d’inefficacité dans les activités résidentielles et les fonctions commerciales élargies de Skyline. Elle facilite également la collaboration interfonctionnelle grâce à des initiatives touchant plusieurs unités d’exploitation.</p>
<p>Fay dirige toutes les facettes des initiatives de développement durable à Skyline (stratégie, exécution, suivi et reddition de comptes), y compris la rédaction du <a href="https://www.skylinegroupofcompanies.ca/fr/sustainability/">rapport annuel sur le développement durable</a>. Elle veille à ce que des pratiques commerciales responsables fassent partie du processus décisionnel courant. Son travail contribue à renforcer l’apport de Skyline à la communauté, à maintenir sa position de chef de file dans le secteur et à générer de la valeur à long terme pour ses investisseurs.</p>
<p>Fay est arrivée à Skyline en 2014 en tant que stagiaire en ressources humaines et a progressivement gravi les échelons au sein de la société, occupant ensuite les postes de superviseure et de directrice des ressources humaines, où elle a conçu conjointement la Formation de développement du leadership de Skyline, qu’elle continue de coanimer. En 2020, elle a bâti le service de développement durable à titre de gestionnaire principale. Elle est ensuite devenue directrice, Développement durable en 2023, puis directrice, Optimisation et Développement durable en 2025.</p>
<p>Fay a obtenu un MBA (maîtrise en administration des affaires) pour cadres de l’Université Queen’s. Elle est lauréate du concours <a href="https://www.connectcre.ca/" target="_blank" rel="noopener">Connect Canada CRE</a> Next Generation Award et a été nommée Jeune professionnelle de l’année 2024 par <a href="https://www.guelphchamber.com/" target="_blank" rel="noopener">la Chambre de commerce de Guelph</a>. Elle siège également au conseil d’administration de Victoria Park Community Homes, ce qui traduit bien sa conviction que le bénévolat et l’engagement communautaire sont des moteurs de changements concrets et durables.</p>

<p>Fay est responsable de la mise en œuvre stratégique de projets spéciaux visant à améliorer les systèmes opérationnels et les flux de travaux de Skyline tout en dirigeant l’équipe de développement durable. Dans le cadre de cette double fonction, elle stimule la croissance stratégique de l’entreprise en trouvant et en réduisant les sources d’inefficacité dans [&hellip;]</p>

<!-- This site is optimized with the Yoast SEO plugin v27.4 - https://yoast.com/product/yoast-seo-wordpress/ -->
<title>Fay Yachetti | Skyline</title>
<meta name="description" content="Fay optimise les activités et promeut le développement durable à Skyline, réduit les inefficacités et génère de la valeur à long terme pour les investisseurs." />
<meta name="robots" content="index, follow, max-snippet:-1, max-image-preview:large, max-video-preview:-1" />
<link rel="canonical" href="https://www.skylinegroupofcompanies.ca/fr/our-team/fay-yachetti/" />
<meta property="og:locale" content="fr_FR" />
<meta property="og:type" content="article" />
<meta property="og:title" content="Fay Yachetti | Skyline" />
<meta property="og:description" content="Fay optimise les activités et promeut le développement durable à Skyline, réduit les inefficacités et génère de la valeur à long terme pour les investisseurs." />
<meta property="og:url" content="https://www.skylinegroupofcompanies.ca/fr/our-team/fay-yachetti/" />
<meta property="og:site_name" content="Skyline" />
<meta property="article:modified_time" content="2025-09-25T17:34:39+00:00" />
<meta name="twitter:card" content="summary_large_image" />
<meta name="twitter:label1" content="Durée de lecture estimée" />
	<meta name="twitter:data1" content="2 minutes" />
<!-- / Yoast SEO plugin. -->

Fay optimise les activités et promeut le développement durable à Skyline, réduit les inefficacités et génère de la valeur à long terme pour les investisseurs.
